v composite?
True
Let z(d) = 183*d - 4. Is z(1) a prime number?
True
Suppose -s = -2*r + 65, 2*r - 2*s + 4*s = 68. Suppose 5*k - 402 = -82. Let a = k - r. Is a composite?
False
Suppose -h = 5*g - 147, 3*g - 2*g = -h + 155. Suppose -r = -0*r - h. Is r composite?
False
Suppose 6*g - 2*g - 1868 = 0. Is g a prime number?
True
Let a be 12/(-10)*15/(-6). Let l be (-392)/a + (-10)/(-15). Is (-15)/10 - l/4 prime?
True
Let k be (1/1 - -1) + 4. Let i(f) be the third derivative of 7*f**4/24 - 5*f**3/6 - 3*f**2. Is i(k) a composite number?
False
Let a = -9 - -11. Suppose -a*m - 15 = -77. Is m a composite number?
False
Let m(f) be the first derivative of 1/4*f**4 - 1/3*f**3 - 3 - f**2 + 3*f. Is m(4) a composite number?
False
Let o = -82 - -259. Is o a composite number?
True
Let v = -5 - -8. Suppose -m - 16 = v*l - 0, -3*l + 72 = -3*m. Let b = -12 - m. Is b a prime number?
False
Let n(q) = 8*q**2 - 4*q + 7. Is n(5) a composite number?
True
Let n(g) = 5*g**2 + g + 7. Let o be n(10). Let k = o - 294. Is k prime?
True
Let m(j) = -118*j + 11. Is m(-9) a composite number?
True
Let r(n) = -2*n + 5. Let f(o) = 2*o. Let u(d) = 2*d - 1. Let s(v) = -3*f(v) + 4*u(v). Let l(m) = 5*r(m) + 6*s(m). Is l(9) a composite number?
False
Let r = -4 - -7. Suppose 0 = 2*o + y + 2*y - 53, 2*o - 5*y = 29. Let v = o - r. Is v a prime number?
True
Suppose 2*w + 3*k = 1417, 4168 = 5*w - 3*k + 594. Is w composite?
True
Let y(g) = 4*g**2 + 9*g - 5. Let z(q) = 11*q**2 + 26*q - 14. Let c(v) = 17*y(v) - 6*z(v). Let d be c(-6). Suppose 4*l - d = -5. Is l a prime number?
False
Let h(t) = t**2 + 8*t + 2. Let u be h(-6). Let r = 10 + u. Suppose 4*b - 33 - 23 = r. Is b prime?
False
Let y = -78 - -109. Is y a composite number?
False
Suppose b - 4*h + 3 = 0, 0 = -4*b - 2*h - 3*h + 30. Suppose 640 = 5*f + b*r, 3*r = -3*f - 2*r + 386. Is f a prime number?
True
Suppose -7*d + 478 = -2245. Is d prime?
True
Suppose 0 = 2*b - f - 264, -4*b = -5*b + f + 130. Is b a prime number?
False
Let g(k) = 6*k**2 + 2*k - 3. Let w(q) = -q**2 + 3. Let l(m) = -m**2 + 1. Let a(s) = 2*l(s) - w(s). Let b(n) = 4*a(n) + g(n). Is b(-5) a composite number?
True
Let g = 7 - -8. Let k = g - -22. Is k a prime number?
True
Let v(i) = 15*i - 1. Let t(g) = -g. Let f(k) = -3*t(k) + v(k). Let w be f(2). Let b = w - 25. Is b prime?
False
Let d be ((-2)/4)/(2/(-8)). Suppose -d*a + 3*a = 2. Suppose -a*m + 27 = -47. Is m a prime number?
True
Let c = -5 + 3. Let k = c - -5. Suppose -25 = -k*r + 2. Is r prime?
False
Suppose -4*l = -l + 3, -2*x = 5*l + 5. Suppose 4*q - 20 = 0, -2*f + 2*q - 6*q + 442 = x. Is f a prime number?
True
Let f = 3 + 1. Suppose 349 + 147 = f*t. Suppose 3*r - 7*r + t = 0. Is r a prime number?
True
Let b = -994 + 1744. Suppose 0 = -5*r + 25, -y - 4*y - r = -b. Is y composite?
False
Suppose -l - l = 0. Suppose -2*s - 24 = -5*r - l*s, 3*r - 5*s = 22. Suppose 115 = r*n + n. Is n prime?
True
Let y(r) = -1 - r**2 - 9 + 5 - 6*r. Let c be y(-5). Suppose 5*n - 45 + c = 0. Is n prime?
False
Suppose 2 = -a - 1. Let j = -1 - a. Is j a composite number?
False
Suppose -4*f = -5*f. Suppose 120 = 3*r - f*a - 3*a, 0 = -5*r + 2*a + 191. Is r a prime number?
True
Let g(n) = -2*n + 13. Is g(-11) a prime number?
False
Let p = 0 + -6. Let t = 10 + p. Suppose -2*l = -t*g + 354, -4*g - 6*l = -2*l - 384. Is g composite?
True
Suppose 0 = -5*a + 18 + 2. Suppose -2*f + b + 8 = f, 20 = f + a*b. Suppose 0 = f*c - 9 - 3. Is c prime?
True
Suppose -h = -1, -4*w - 21 = -8*w - h. Suppose -f - 2*v + 97 = 4, f = w*v + 100. Is f a composite number?
True
Let n(w) = -109*w + 10. Is n(-9) a prime number?
True
Let i = 230 + -156. Is i prime?
False
Let m = 49 + 96. Is m composite?
True
Let k(t) = t**3 + 7*t**2 - 2*t - 1. Let c be k(-7). Suppose 153 - c = 4*q - 2*h, -q + 25 = -3*h. Is q a composite number?
False
Suppose -8*v + 3*v = -45. Suppose -3*a + 2*a = -v. Is a a prime number?
False
Suppose -3 + 49 = z. Is z a prime number?
False
Suppose 21 = 2*l - 45. Is l a prime number?
False
Suppose 0*r = 2*r. Suppose r = 5*a + 3*f - 766, 2*a - 4*a = 4*f - 298. Is a composite?
True
Suppose 3201 = 4*a - 379. Is a prime?
False
Let r(q) = -q**3 + 5*q**2 - 2*q - 4. Let y be r(5). Is (-7567)/y + (-1)/(-2) a prime number?
True
Suppose 2*k = -5*a - 476, 271 - 24 = -k + 2*a. Let y = k - -458. Is y a prime number?
False
Let n = -5 - -7. Let r(c) = -1 - 6*c**2 + 4*c**2 - 32*c**3 - 4*c + n*c. Is r(-1) composite?
False
Suppose -5*x - 24 = 3*m, -4*x + m + 11 = 37. Let f(g) = -g**2 - 7*g - 4. Let b be f(-8). Let o = x - b. Is o composite?
True
Let r(h) = h**3 - 4*h**2 - 4*h - 13. Is r(6) a composite number?
True
Let d(w) = -w**2 - 11*w - 9. Let y be d(-9). Let j = 3 - y. Is 79/11 - j/(-33) prime?
True
Let q(m) = -14*m**3 - 2*m**2 - 5*m - 5. Is q(-4) a composite number?
True
Let o(g) = g**2 + g + 5. Let c be o(-5). Suppose 7*u + c = 2*u, 365 = 5*f + 4*u. Is f prime?
False
Let v = 11 + -4. Let z = v - 7. Suppose z = -d - 3*d + 184. Is d prime?
False
Let x(i) = i - 7. Let c be x(6). Is (-6)/2 + (-5)/c composite?
False
Suppose r = -1 + 4. Suppose r*h + y - 176 = 2*y, -h - 2*y + 54 = 0. Suppose 5*o + c - h = -c, 0 = 4*o - c - 36. Is o a prime number?
False
Let q(k) = k**2 + 6*k - 6. Let r = 6 + -1. Suppose -5*h + y - 29 = r*y, 16 = 4*y. Is q(h) composite?
True
Let z(f) = -82*f - 12. Let x be z(-7). Let r = 855 - x. Is r composite?
False
Let z = -2337 - -4238. Is z composite?
False
Let m(z) = z. Let x(i) = -27*i + 2. Let w(c) = -2*m(c) + x(c). Is w(-3) composite?
False
Let u(s) = 245*s**2. Let l be u(1). Suppose o = -84 + l. Is o prime?
False
Let v(r) = 31*r + 5. Let t(h) = -h**2 + 6*h + 3. Let o be t(5). Is v(o) a composite number?
True
Let t = -20 - -22. Suppose 3446 = t*w + 3*w + 3*r, 4*r = -w + 679. Is w a prime number?
True
Suppose 0 = -4*a - 0 + 4, -4*a + 19 = 3*n. Suppose r = n*r + 588. Is (0 + r/6)*-2 prime?
False
Let f = 348 + -167. Is f a composite number?
False
Suppose -4*i = 4*v + 9216, 4*i - 2*v + 2307 = 3*i. Is i/(-7) - (-6)/(-21) composite?
True
Let s(x) = 2*x**2 + 7*x + 4. Let r = -6 + 10. Let o be (45/(-12))/3*r. Is s(o) a composite number?
False
Suppose -7 + 6 = -y. Suppose -n + y = -4. Let b = n + 8. Is b a prime number?
True
Let m = 1 + 1. Is (3 - m)/(1/15) composite?
True
Is -3 + 1 + (453 - 8) a prime number?
True
Suppose 5*j = y + 22, -j - 3*j + y + 18 = 0. Is j/(-16) + (-61)/(-4) a composite number?
True
Let b = 1 - -2. Suppose 4*o + 5*c - 95 = 0, -2*o + 72 = o + b*c. Is o composite?
True
Is ((-3)/(-12)*-7)/((-3)/11364) prime?
False
Let i(w) = 7*w - 5. Let x be (8 - 1) + 4/(-4). Is i(x) composite?
False
Suppose 3*x = -4 + 13. Suppose j = -2 + x. Is 2 - (2 + -10*j) a composite number?
True
Let v(a) = -a**3 + 8*a**2 - 4*a + 1. Let n = 13 + -8. Suppose -2*i = -5*o - 23, i - o - 12 + n = 0. Is v(i) a composite number?
True
Suppose 4*m + 21 = 85. Is 100/m + 1/(-4) prime?
False
Suppose -2*u = l - 245, u - 1415 + 154 = -5*l. Is l a composite number?
True
Let r = -419 - -608. Suppose 2*y = h - 107, -2*h + r = -0*h + y. Is h a composite number?
False
Suppose -2*u + 0*u = -4*r + 20, 5*r - 3*u - 27 = 0. Suppose -376 - 257 = -r*m. Is m composite?
False
Let z(o) = 10*o**2 + 4*o + 13. Let n(f) = -10*f**2 - 4*f - 12. Let h(s) = -6*n(s) - 5*z(s). Is h(-3) a composite number?
True
Let k(x) = -x + 8. Let c be k(6). Suppose 2*v = 2 + c. Is v prime?
True
Let x = -10 - -14. Let o be x + 2 + -2 - -1. Suppose -5*y - o*j + 2*j = -102, -y + 4*j = -25. Is y prime?
False
Let w be 0/(((-6)/(-2))/(-3)). Is w/(-8) - 2*-13 a composite number?
True
Let m(r) = r**2 + 2*r + 20. Is m(-11) a composite number?
True
Let c(n) = -4*n**3 - 3*n**3 - 3 + 5*n**3 - 7*n**2 - 4*n + 3*n. Let u = -2 - 3. Is c(u) composite?
True
Let v(q) = -9*q + 3. Let c(r) = -9*r + 2. Let k(g) = 4*c(g) - 3*v(g). Let h(j) = -9*j - 2. Let m(b) = -3*h(b) + 2*k(b). Is m(3) composite?
False
Suppose 1738 = -2*b + 4*b. Is b composite?
True
Suppose -4858 = -4*n + 2*a, 4*n - 5039 + 146 = -5*a. Is n a prime number?
True
Suppose -4*r - 10*r + 71778 = 0. Is r a prime number?
False
Let y(m) = 4*m**2 - 1. Let h be y(1). Suppose t + 5*c = 26, -3*t + h*c = -6 - 0. Is 4/t*1143/6 prime?
True
Let j(i) = -11*i - 6. Suppose -96 = -3*b - b. Suppose b = -4*f - 20. Is j(f) a composite number?
True
Let f = 1438 - -75. Is f prime?
False
Suppose -